r when k(i) is divided by 6?
5
Suppose -2*k - 8 = v - 32, 0 = v - 4*k - 12. Let y = v + -9. Calculate the remainder when 10*(-3 + 31/5) is divided by y.
10
Suppose 3*b = -1 - 2, -5*q = -3*b - 103. Suppose -c + q = c. What is the remainder when c is divided by 4?
2
Suppose 3 + 5 = -2*b. Let g be (-1)/4 + (-5)/b. Let w(v) = 26*v**2 + v - 1. Calculate the remainder when w(g) is divided by 14.
12
Let b = 8 + 7. What is the remainder when b is divided by (-44)/(-5) - (-3)/15?
6
Let t(q) = 4*q - 4. Let b be t(3). Let m = b - 3. Suppose 10 = 5*o - 0*o. What is the remainder when m is divided by o?
1
Suppose 6*n - 29 = 25. What is the remainder when 60 is divided by n?
6
Suppose -2*z + 62 = 2*p, 2 = -z - 2. Calculate the remainder when 67 is divided by p.
32
Suppose 0 = 4*p - 3*t + 5*t - 128, -5*t = 2*p - 80. What is the remainder when p is divided by 8?
6
Suppose -5*b = 5*b - 140. Suppose 0 = -r - 3*h - 14, 11 = 3*r - 5*h - 17. Let u(p) = 7*p**2 + 1. What is the remainder when b is divided by u(r)?
6
Let r = 31 + -10. Calculate the remainder when r is divided by 3/(-4) + (-54)/(-8).
3
Let l = 30 - 26. Suppose 2*m - 22 = -2*f, l*f + 2*m - m - 59 = 0. What is the remainder when 61 is divided by f?
13
Let y(s) = s**3 + 7*s**2 - 7*s + 5. Let d = 63 - 40. Calculate the remainder when y(-5) is divided by d.
21
Suppose 5*p = 3*f + p - 24, -3*p - 9 = 0. Calculate the remainder when 2/(-8) + (-45)/(-4) is divided by f.
3
Suppose 11*a - 12 = 8*a. What is the remainder when 5 is divided by a?
1
Suppose 2*r - 41 = r. Calculate the remainder when 119 is divided by r.
37
Suppose 0 = 4*n + m - 290 - 167, 0 = 4*n - m - 463. Suppose 5*i = n + 35. Calculate the remainder when i is divided by 8.
6
Let n be ((-6)/(-2) - 2)*-22. Let v = 24 + n. Calculate the remainder when 7 is divided by v.
1
Let l = -105 - -196. Suppose -l - 9 = -5*j. Let t = -94 - -132. Calculate the remainder when t is divided by j.
18
Suppose 0 = 4*f + 4*g - 68, 4*f + 0*g - 72 = -3*g. Suppose 4*a + a = -15, -2*a = 5*h - 49. What is the remainder when f is divided by h?
10
Let b be 2/(1 + 3/(-6)). Suppose 0 = -b*n + 14 + 10. Let q(u) = -u**3 - 4*u**2 - 4*u - 6. Calculate the remainder when q(-4) is divided by n.
4
Let g(w) = w**2 + 4*w. Let s be g(-4). Suppose -2*d + 3*a + 2*a + 22 = s, -41 = -d - 5*a. Let c = 69 - 7. What is the remainder when c is divided by d?
20
Let j = -151 - -238. What is the remainder when j is divided by 11?
10
Let m(u) = 19*u**2 - 4. What is the remainder when m(2) is divided by 25?
22
Let p be (-4)/(-10) + (-3798)/45. Let t = 137 + p. Let f = t + -20. What is the remainder when f is divided by 12?
9
Let q(p) = 5*p + 10. Let z be q(7). What is the remainder when 8/12*z/6 is divided by 2?
1
Let r(x) = -29*x - 4. Calculate the remainder when 97 is divided by r(-1).
22
What is the remainder when 165/6 + 6/(-4) is divided by 9?
8
Suppose -2*x + 4*x = 20. Let z(u) be the first derivative of -u**3/3 + 5*u**2 + 2*u - 1. What is the remainder when 4 is divided by z(x)?
0
Let j = 22 + -21. What is the remainder when ((-2)/j - -5) + 30 is divided by 12?
9
Let d = 13 + -9. Suppose 0 = -y + o + 8, -d*y + 3*o + 40 = o. Let c(r) = -r**3 + 4*r**2 + r + 3. Calculate the remainder when y is divided by c(4).
5
Suppose 12 = -3*g, 0 = 2*d + 2*d - 3*g - 72. What is the remainder when 44 is divided by d?
14
Let b(w) = 5*w**2 - w + 2. Let z(t) = 2*t. Let q be z(1). Let x(d) = -d**3 - 2*d**2 + d + 1. What is the remainder when b(q) is divided by x(-3)?
6
Let a(f) = -2*f - 4. Calculate the remainder when 18 is divided by a(-7).
8
What is the remainder when 67 is divided by (-51)/(-1 - 2) + 0?
16
Let t = 45 + 33. Calculate the remainder when t is divided by 8.
6
Let g(k) = 2*k - 12. What is the remainder when 25 is divided by g(14)?
9
Suppose -2*a + 36 = -22. Let g(b) = -3*b - 2. Let p be g(-2). Suppose -p*c + a = 3*q, -6*q - 14 = c - q. Calculate the remainder when 20 is divided by c.
9
Suppose -3*d + 3*t + 72 = 0, -d - t + 26 = -0*d. Suppose -d = -6*r + r. What is the remainder when 4 is divided by -2 + 2 + -2 + r?
1
Let m(u) = -3*u + 41. What is the remainder when 30 is divided by m(11)?
6
Let l(w) = -w. Let b(v) = 13*v + 1. Let m(z) = b(z) - 3*l(z). What is the remainder when m(4) is divided by 17?
14
Suppose 0 = -5*i + 4 + 11. Let s = 5 - i. What is the remainder when 4 is divided by s?
0
Let q be 457/3 - (-5)/(-15). Suppose -2*v = -4*v + q. Calculate the remainder when v is divided by 26.
24
Let d(f) be the first derivative of -f**4/4 - f**2 - 2*f + 4. Calculate the remainder when 26 is divided by d(-2).
6
Suppose 4*l + o = -8, 2*l - 5*o = 3*l + 21. Let n be 1*l - (-2 - -3). What is the remainder when 5 is divided by 1*n/(-3)*3?
1
Calculate the remainder when 76 is divided by (6/(-4))/((-36)/312).
11
Calculate the remainder when 7 is divided by (5 + -4)*9/3.
1
Let s(h) = -5*h - 21. Calculate the remainder when 22 is divided by s(-5).
2
What is the remainder when 860/11 - 16/88 is divided by 20?
18
Suppose 3*r + 0*r = 45. Calculate the remainder when 38 is divided by r.
8
Let x(w) = 3*w - 8. Let j be x(4). Suppose 3*z = -4*g + 286, 2*z = j*g - 190 - 86. Calculate the remainder when g is divided by 18.
16
Let s be 2*-2*87/(-12). Suppose x - 2*x + s = 0. What is the remainder when x is divided by (0 - 0) + (1 - -9)?
9
Suppose 13 = -d - 5. Calculate the remainder when 23 is divided by (d/5)/(3/(-10)).
11
Suppose o = 4*c - 135, -o + 0*o = 3. What is the remainder when c is divided by 5?
3
Let r = -43 + 69. Calculate the remainder when 101 is divided by r.
23
Suppose -4*x = 0, 0*x = 3*a + 4*x - 9. Let k(n) = 2*n**2 - 6*n + 2. What is the remainder when k(4) is divided by a?
1
Let x = 10 + -2. Let s = -2 + x. What is the remainder when 10 is divided by s?
4
Suppose -1 = 2*s - 21. Suppose 137 - 56 = 3*z. Calculate the remainder when z is divided by s.
7
Let m = 15 + 49. Calculate the remainder when m is divided by 22.
20
Suppose 2*m + 60 = 4*k - 2*m, 2*k - m = 25. Let v = 10 - 18. Let s = k + v. Calculate the remainder when s is divided by 2.
0
Suppose -5*b - 512 = 858. What is the remainder when (-5)/(-10) + b/(-4) is divided by 10?
9
Suppose 0 = -l - l + 10. Let d(i) = 2*i - 6. Let f be d(l). Suppose f = 2*b - 10. Calculate the remainder when 26 is divided by b.
5
Let y(a) = -a + 5. Let f be y(7). Let s be (-1)/f*(-2 + 2). Suppose 2*r + 0*r - 4 = s. What is the remainder when r is divided by 1?
0
Let a = -77 - -100. Calculate the remainder when 83 is divided by a.
14
Let p = 12 - -11. What is the remainder when p is divided by 13?
10
Let u be (4 - -4)/((-2)/(-8)). Suppose -4*g + 68 = -u. Let p = -13 + 20. Calculate the remainder when g is divided by p.
4
Let s be 2/(-9) - (-6)/27. Suppose 3*l - 21 - 42 = s. What is the remainder when (-8)/12*366/(-4) is divided by l?
19
Suppose 0 = 3*k + 4*u - 0*u + 99, -k - 4*u - 41 = 0. Let d = -8 - k. Calculate the remainder when d is divided by 11.
10
What is the remainder when 76 is divided by 2/12 + 753/18?
34
Let p = -2 + 28. What is the remainder when p is divided by 9?
8
Let a = 44 - 75. Let t = -19 - a. What is the remainder when 58 is divided by t?
10
Suppose -3*z + 2*z = -22. Let q(g) be the first derivative of g**4/4 - 7*g**3/3 + g**2/2 + 5*g + 3. What is the remainder when z is divided by q(7)?
10
Suppose 5*r = r + 24. Suppose 6*g = -0*g + 126. What is the remainder when g is divided by (-9)/r*(-4)/1?
3
Suppose 4*b - 2*z - 3*z - 108 = 0, 148 = 4*b + 5*z. Suppose 0 = -m - 0 + 11. Calculate the remainder when b is divided by m.
10
Let j be (-13)/(-4) + (-2)/8. Suppose 0*q + 33 = j*q. What is the remainder when 43 is divided by q?
10
Suppose -7*h + 270 = 3*h. Calculate the remainder when 49 is divided by h.
22
Suppose -5*c = 3*c - 136. Calculate the remainder when 33 is divided by c.
16
Suppose 3*h - 2*c - 2*c = -5, 4*h = 4*c. Calculate the remainder when 11 is divided by h.
1
Let c(h) = -h**3 + 4*h + 3. Let r be c(-2). Let n(a) = -a**r + 18*a**2 - 14*a**2 + 2*a + 1 - 1. Calculate the remainder when n(3) is divided by 9.
6
Let d = 0 - -27. What is the remainder when 105 is divided by d?
24
Let i(r) = -r**2 - r**3 + 4*r**3 - r - 1 + 5*r**3 - 2*r**3. Calculate the remainder when i(2) is divided by 11.
8
Let z(r) = r**3 - 10*r**2 - 8*r - 15. Let s = 13 -